ate the remainder when c(-51) is divided by 2/(-4) - 42/(-4).
7
Let a(k) = -6*k + 359. Calculate the remainder when a(45) is divided by 15.
14
Let s = -175 - -188. Calculate the remainder when 177 is divided by s.
8
What is the remainder when 58 is divided by (-6 - (-125)/(-10))/(8/(-16))?
21
Let b = -1351 - -1456. Calculate the remainder when 322 is divided by b.
7
Suppose 0 = 9*s - 7*s + 192. What is the remainder when 148 is divided by ((s/20)/(-6))/(2/125)?
48
Let z(g) = 3*g**2 - 7*g + 11. What is the remainder when 100 is divided by z(3)?
15
Suppose 62 = -7*z - 1. What is the remainder when 22 is divided by (-3)/(z/24) - 0/(-1)?
6
Let u = -1 - -2. Suppose -i + 31*s + 54 = 25*s, 5*i - 170 = 5*s. Calculate the remainder when i is divided by (8 - 2/u) + 2.
6
Let w(y) = -y**2 - y + 4. Let u be w(0). Suppose 0 = -u*d - d + 165. What is the remainder when d is divided by 9?
6
Suppose -2*z = -4*z + 1434. Suppose -z = -3*p - 96. Calculate the remainder when p is divided by 35.
32
Suppose -x = 2*w + 1, 3*w + 0*w = 3*x - 15. Suppose -b + 71 = 4*g, -3*g + 85 + 92 = x*b. Calculate the remainder when b is divided by (-2233)/(-121) + 6/11.
17
Let o = 2411 + -2128. Calculate the remainder when o is divided by 93.
4
Let p(a) = 17*a - 3. Let s = 32 - 30. Let m be s/7 + (-10)/(-14). What is the remainder when 40 is divided by p(m)?
12
Suppose -7*b + 42 = -13*b. What is the remainder when 65 is divided by 81/(-12) - b - 91/(-4)?
19
Let i = -17 + 302. What is the remainder when i is divided by 8?
5
Let p = 616 - 445. What is the remainder when p is divided by 54?
9
Let u = 408 - 281. Calculate the remainder when u is divided by 13.
10
Let r(z) = 3*z**2 - 2*z + 2. Let i be 73/(1 - (-2 + 4)). Let w = -61 - i. What is the remainder when r(3) is divided by w?
11
Calculate the remainder when (-130)/(-3) - (-6)/(-18) is divided by 7/(14/44) - 3/(-3).
20
Suppose b = -3*a - 137 + 171, 4*b = -2*a + 156. What is the remainder when 151 is divided by b?
31
What is the remainder when 97 is divided by -1 - (-126)/(5 + 4)?
6
Let u = 23 - 161. Let t = -84 - u. What is the remainder when t is divided by (-96)/(-7) + (-16)/(-56)?
12
Let y(u) = -45*u**2 - 3*u + 2. Let z be y(1). Let a = -30 - z. What is the remainder when a is divided by 6?
4
Let s be 6 - (-4 + (1 - -4)). Suppose -4*j - 7 = s*u - 26, -u - j + 3 = 0. What is the remainder when 40 is divided by u?
5
Let o(t) = 42*t - 13. Let f = 128 - 125. What is the remainder when o(f) is divided by 29?
26
Let y(t) = -78*t - 45. Calculate the remainder when y(-6) is divided by 71.
68
Let u be 4/26 + 532/91. Let l = -4 - -2. Calculate the remainder when 140/u + l/6 is divided by 6.
5
Suppose v - 7 = a, 4*v + 5*a + 15 = 5*v. Suppose -v*t - 27 = -8*t. What is the remainder when 16 is divided by t?
7
Suppose 8*t = 12*t - 40. Let y = t + -6. What is the remainder when 12 is divided by y?
0
Let m = 843 - 480. What is the remainder when m is divided by 92?
87
Let w(s) = -18*s + 153. What is the remainder when w(5) is divided by 57?
6
Suppose -5*q = 4*i - i - 100, -4*q + 48 = -4*i. Let s be ((-2)/(-6))/((-2)/18). Let t(l) = 12*l**2 + l - 6. What is the remainder when t(s) is divided by q?
14
Let z be ((-12)/(-4) - 4)/(4/72). What is the remainder when 48/(-8)*87/z is divided by 19?
10
Suppose 9*g - 5*g = -8. Let s(b) = -3*b**3 + b**2 - 2*b - 1. Calculate the remainder when s(g) is divided by (-32)/(-6)*(-3 + 6).
15
Suppose -100*l + 528 = -84*l. Calculate the remainder when 1779 is divided by l.
30
Let v = 21 - 8. Suppose -3*r + 97 + 17 = 0. What is the remainder when r is divided by v?
12
Suppose -4213 = 6*y - 17*y. What is the remainder when y is divided by 8?
7
Suppose f - 4*a = -0*a - 4, -3*f + 2*a = -28. Suppose f*q - 674 = -266. Let j = -22 + 88. Calculate the remainder when j is divided by q.
32
Suppose 5*j = -127 + 112. Calculate the remainder when (-43)/(16/(-4) - j) is divided by 15.
13
Suppose -4*o + 70 = -2*o. Let d = -23 + 25. Suppose 0 = 3*l + d*l - 3*h - 66, 3*l + 4*h = 28. Calculate the remainder when o is divided by l.
11
Suppose 0 = 5*o + 3*k + 10, -2*k = -2*o + 66 - 54. Let h(i) = i + 3. What is the remainder when h(0) is divided by o?
0
Suppose 0 = 8*c - 3*c + 4*g - 256, 3*g - 49 = -c. Calculate the remainder when c is divided by 26.
0
Let f = 700 + -337. What is the remainder when f is divided by 91?
90
Let k(h) = -4*h - 39 + 0*h - 4*h + 3*h. What is the remainder when 78 is divided by k(-11)?
14
Suppose 0*f = f + h - 505, -3*h + 1014 = 2*f. What is the remainder when f is divided by 14?
11
Calculate the remainder when (384/12 - 7)/(1/6) is divided by 38.
36
Suppose 4*v + 4*i - 972 = 0, i = -2*v - 4*i + 492. What is the remainder when v is divided by 73?
22
Suppose -2*b + 250 = -4*o, -70 = -b + 4*o + 47. Calculate the remainder when 408 is divided by b.
9
Suppose 0 = -0*r - r + 105. Let n(w) = -3*w - 19. Let a be n(-8). Calculate the remainder when r is divided by (a - 1)*(-54)/(-8).
24
Let d be ((-24)/(-40))/((-1)/(-25)). Suppose -2*n + d = 3. Suppose m - 319 = -10*m. Calculate the remainder when m is divided by n.
5
Let i be (-2 + 8)/(3/(-8)). Let z = i - -21. Calculate the remainder when 22 is divided by z.
2
Let z(m) = 2*m**2 - 26*m - 9. Let o(v) = v**2 + 3*v + 5. Let k be o(-5). What is the remainder when z(k) is divided by 13*(-1)/2*-2?
12
Let q(m) = 4*m - 3. Let w(f) = -11*f - 12. Let h(x) = 6*x + 6. Let t(u) = 5*h(u) + 3*w(u). Calculate the remainder when q(2) is divided by t(-3).
2
Let j be -2 + 2*(0 - -4). Let h(o) = 4*o**2 - 2*o - 8. Let a be h(j). Let p = -76 + a. What is the remainder when p is divided by 17?
14
Let v(c) = 72*c**2 + 42*c + 86. What is the remainder when v(-2) is divided by 23?
14
Suppose 4*o + 466 = -y - 157, -o + 2*y - 158 = 0. Calculate the remainder when 25 is divided by (2/(-6) + 1)*o/(-8).
12
Suppose -2*p + 44 = 4*q, -5*q + p + 53 = 4*p. Calculate the remainder when 99 is divided by q.
8
Suppose 4*r - 2810 = -2*k, 4*k = 13*r - 8*r - 3493. Calculate the remainder when r is divided by 54.
53
Calculate the remainder when -180*-5*2/20 is divided by 58.
32
Let l = -470 + 479. Calculate the remainder when 492 is divided by l.
6
Let g(i) = i**3 + 7*i**2 - 20*i - 5. Suppose 15*a - 11*a = -36. What is the remainder when 24 is divided by g(a)?
11
Suppose 0 = g - 3*a, -3*g = 4*a - 0*a. Suppose 7*h - 3*h - 328 = g. What is the remainder when h is divided by 42?
40
Suppose 3*p - 2*b + 146 = 0, -p + 2*p + 2*b + 46 = 0. Let a = 90 + p. What is the remainder when a is divided by 15?
12
Suppose -3*a + z + 99 = 0, 21 + 12 = a + 4*z. Let f(s) = 20*s - 9. Calculate the remainder when f(7) is divided by a.
32
Suppose -37*y - 408 + 2554 = 0. What is the remainder when y is divided by 10?
8
Suppose 0 = 25*k + 6*k - 682. What is the remainder when 345 is divided by k?
15
Let v(b) = 10*b - 194. What is the remainder when v(24) is divided by 7?
4
Let k be 11/(4/8*-2). Suppose 5*w - 60 = 9*w. Let u = k - w. What is the remainder when 19 is divided by u?
3
Suppose -6*f + 20 = -4*f. What is the remainder when 49 is divided by f?
9
Let v = -20 + 2. Let p = v + 35. Calculate the remainder when p is divided by 3/(3/5) + -1.
1
Let b = -5 - -90. Let m = b + -28. Calculate the remainder when m is divided by (1 + -2)/(1/(-15)).
12
Suppose 0*a - 46 = -a - 3*w, 4*a - 4*w = 136. What is the remainder when a is divided by 26?
11
Let y(r) = -3*r - 1. Let k be y(-1). Suppose 40*d - 151 = 37*d - l, d - 2*l = 48. What is the remainder when d is divided by 3/(k/((-52)/(-3)))?
24
Suppose -72 = -7*z + 4*z. Suppose -3*u + 0*u = 4*n - 160, -276 = -5*u - 2*n. What is the remainder when z is divided by u/6 + (-21)/63?
6
Let x = -31 - -44. Suppose -2*f - 10 = -3*d + 36, -d = 5*f + x. Calculate the remainder when 23 is divided by d.
11
Suppose 0 = -4*v + 49 - 1. Suppose 57 = -n + 1. What is the remainder when v is divided by (-10)/(-4)*n/(-20)?
5
Let d = 18 + -18. Suppose 5*t - 4*t - 5*z - 26 = d, 2*z = -2*t + 4. Suppose 0 = -3*y - 0*y + 63. What is the remainder when y is divided by t?
3
Suppose 0 = 5*n - 4*n. Suppose -2*g + g + 8 = n. Calculate the remainder when 16 + (26/(-10) - -3)*-5 is divided by g.
6
Let j be (-1 - 0)*(-5 + 137). Let g = -94 - j. What is the remainder when g is divided by 10?
8
Suppose 240 = 5*m + m. Let